 - 7*t**2 - 3*t**2. Calculate h(v).
2
Let j(w) be the second derivative of -w**5/20 + 5*w**4/3 - w**3/3 + 41*w**2/2 + 998*w. Calculate j(20).
1
Let w(i) = 9899*i**2 - 9895*i**2 + 2*i + 0 - 1. Calculate w(2).
19
Let x(a) = -2*a**2 - 9*a - 7. Let j(g) = g**2 + 5*g + 4. Let q(n) = -7*j(n) - 4*x(n). Suppose 2*s + 5 - 3 = 0. Let v be 23/(-23) + (s - -1). What is q(v)?
0
Let i(l) be the third derivative of -l**8/20160 + 11*l**7/5040 + 7*l**6/360 + 23*l**5/10 + 18*l**2. Let x(z) be the third derivative of i(z). Calculate x(11).
14
Suppose -11*j - 38*j + 1470 = 0. Let n(t) = -5*t + 146. Calculate n(j).
-4
Let h(u) = u**3 - 8*u**2 - 2*u + 9. Let k(z) = 7*z + 5. Let o = -28 - -33. Let i be k(o). Suppose -6*d + i = -8. Give h(d).
-7
Let k be ((-6)/(-33) - (-750)/(-495))*-42. Let t(u) = 25 - 6*u + 24 + u - k + 37. Calculate t(8).
-10
Let w(y) = -5 - 18*y + y**2 - 25*y + 1 + 40*y. Give w(4).
0
Let q(z) = -z**3 + 6*z**2 - 3*z + 3. Let r = 612 - 363. Suppose 219 = -6*f + r. Calculate q(f).
13
Let t(b) = -b - 3 - 3*b**2 + 10*b - 5*b. Let a be t(2). Let y(g) = -7*g + 11. Let v(i) = -32*i + 42. Let r(q) = 2*v(q) - 9*y(q). What is r(a)?
-8
Let p(q) = 4*q**2 - 4*q - 21. Let x(b) = 4*b**2 - 5*b - 25. Let n(f) = -6*p(f) + 5*x(f). Suppose i = -i + 6. Calculate n(i).
-38
Let d = -446 - -461. Let a(m) = -d*m**2 + 3265 - 3265. Calculate a(-1).
-15
Let u(o) = o**2 + 5*o - 58. Suppose -353 - 59 = -80*l - 12. Give u(l).
-8
Let z(h) be the second derivative of -h**2/2 + 8*h. Let w(g) = g - 8. Let v(r) = -w(r) + 4*z(r). Let j(q) = -q**2 - 16*q - 42. Let d be j(-12). Determine v(d).
-2
Let k(q) = -8*q**2 - 10 + 27 + 7*q**2 + 87*q - 77*q - 13. Give k(7).
25
Let o = 48 + -41. Let q(p) = p**3 - 11*p**2 - 12*p + 4. Let n(g) = -g**3 + 115*g - 3 + 7*g**2 - 1 - 102*g + 5*g**2. Let d(u) = o*q(u) + 6*n(u). Calculate d(6).
4
Suppose 44*g = 48*g - 8. Suppose 0 = g*t + 5*t - 14. Let b(u) = u**3 - u**2 + 3*u - 2. What is b(t)?
8
Suppose 38 - 128 = -6*t. Let o(j) = 11*j + j**3 - t*j + 4*j**2 + 0*j**2. What is o(-5)?
-5
Let o(t) = 52 - 4 - 19 - 9*t + 15. What is o(6)?
-10
Let q(p) be the second derivative of -5/12*p**4 + 3/2*p**2 - 1/20*p**5 - 1/6*p**3 + 0 - 34*p. Calculate q(-4).
-9
Suppose -16 = -3*l - 32*l - 296. Let a(y) = y**2 + 8*y - 15. What is a(l)?
-15
Let a(o) = -236*o + 132*o + 124*o + 169. Calculate a(-8).
9
Suppose 0 = 3*r + 3, -j = -r - 0 - 1. Let g(h) = 3*h - 22. Let s(b) = -4*b + 19. Let u(k) = -3*g(k) - 2*s(k). Determine u(j).
28
Let y = 208 - 176. Suppose -y*f + 63 = -23*f. Let k(z) be the third derivative of -z**6/120 + 2*z**5/15 - z**4/6 - 5*z**3/6 - 3*z**2. Calculate k(f).
16
Let s = 82 - 39. Let m = s + -41. Let p(n) = 17*n - 7*n - 2*n**2 + 1 + 3*n**m - 4*n. What is p(-5)?
-4
Let z(t) = 93 - 183*t - 12 - 174*t + 352*t + 104. What is z(38)?
-5
Let b(y) = y - 4*y + 0 + 4*y - 3. Suppose 2*c + 22 = 2*p, 0*c + 2*c = -2*p + 34. Suppose -30 = 4*k - p*k. Determine b(k).
0
Let i(p) = -p**2 - 4*p + 23. Let w be i(-7). Let s(n) = -12767*n**2 + 12765*n**w + 2*n**3 - 2*n - n**3 - 4. Give s(3).
-1
Let a be (55/33)/(3/(-9)) + 9. Let z(w) = -5 + 5*w**2 - a*w**2 + 4*w**3 + 13 - 3*w**3 + w. Give z(0).
8
Let s(k) be the second derivative of -4*k**3/3 + 3*k**2/2 + 367*k. Let d(r) = 7*r - 2. Let t be (-39)/6 + 2/4. Let u(y) = t*d(y) - 5*s(y). Give u(-5).
7
Suppose -94*u - 94*u = -202*u + 56. Let z(q) = q + 9. Calculate z(u).
13
Let s be ((-6 + 28)*-1)/(-1). Let d(i) = 11*i - s*i - 3 + 15*i. Determine d(-3).
-15
Let o(f) = 8*f**3 - f**2 + 3*f - 3. Let t be -263 + 271 + 14/(-2). Determine o(t).
7
Let a(s) = -3*s**3 + 46*s**2 - 15*s + 6. Let y be a(15). Let g(v) = -2*v**3 + 14*v**2 - 12*v - 6. Give g(y).
-6
Suppose 28*j - 36 = 25*j. Let r(u) = -7*u**2 - 13*u**3 + 10*u + j*u**3 - 2 + 0*u + u**2 - 3*u**2. Calculate r(-10).
-2
Let b(y) = 47 + 106 + 6*y + 202 + 5*y + 1. Let f be b(-32). Let t(r) be the third derivative of -r**4/8 + r**3/3 + r**2. Calculate t(f).
-10
Let a = 80 + -159. Let z = -71 - a. Suppose z = -13*s + 15*s. Let j(x) = -x**2 + 7*x - 6. Give j(s).
6
Let d(a) = -a**3 + 7*a**2 - 4*a - 19. Suppose -3*j - 16 = -5*g - 10, -g + 6 = -3*j. Suppose g = 3*u + p - 14, u - 5*p - 23 = 3. Determine d(u).
-7
Let b(y) = -2*y**2 - 47 + 47 - 7*y + 3*y**2. Let x(c) = -5*c - 26. Let a be x(-6). Suppose 2*f + 8 = f + 5*z, -a*f + 31 = z. What is b(f)?
0
Let k(x) = 2*x + 4. Let u(p) = -p**2 - 26*p - 67. Let f be u(-23). Let g(o) = 13 + 68*o + 7*o**f - 40*o - 42*o - o**3. Let r be g(5). What is k(r)?
-10
Suppose -34*c - 79 = -113*c. Let r(k) = -21*k**3 - 2*k**2 + 3*k - 2. Give r(c).
-22
Let y(w) = -w**2 + 3*w + 3. Suppose -2*k = -4*n + 18, -24 = 4*k - 2*n - 0*n. Let b be -1*12/(-30) + (-23)/k. Suppose -3*p + b + 4 = 0. Give y(p).
3
Let i = 103 - 101. Suppose 4*d - 12 = 0, -i*j - 9 + 0 = -5*d. Let p(w) = w**2 - w + j + 7*w - 7*w - 3*w. Determine p(4).
3
Let r(h) = 2*h**3 + h**2 - 3*h. Let t(m) = 5*m**3 - 6*m**2 + 3*m - 6. Let s(z) = 2*r(z) - t(z). Determine s(7).
-8
Let w(r) be the second derivative of -60*r + 5/3*r**3 + 3*r**2 + 0 - 1/20*r**5 - 2/3*r**4. Calculate w(-9).
-3
Let o(r) = 6*r**2 + 29*r + 1. Let l(p) = -3*p**2 - 16*p - 1. Let a(s) = 7*l(s) + 4*o(s). Give a(2).
17
Let g(l) = -l**2 - 5 - 30*l - 7 - 20*l + 4 + 40*l. Determine g(-3).
13
Let h(f) = f**3 - f**2 + 7*f + 9. Let u(r) = 2*r**3 + 16*r + 19. Let o(m) = -5*h(m) + 2*u(m). Let y = -224 + 228. Give o(y).
-3
Let o(m) = -m**3 - 7*m**2 + 8*m - 2. Suppose 21 = 25*z - 24*z. Let q be 14/z + 1/3. Let s be 0/(-8) - q/((-2)/(-16)). Determine o(s).
-2
Let o(s) = -31*s**3 - s**2. Let i be (-90)/36 + (-6)/(-4). Calculate o(i).
30
Let h(o) = -o + 19. Let x be h(13). Suppose m = -5*r - 60, -4*m - 4 = -2*r - x. Let s(a) = a + 9. Give s(r).
-2
Suppose 5*o + 25 = -4*p, -11*o + 7*o = 20. Suppose -7*y - 328 + 286 = p. Let v(u) = u**3 + 6*u**2 - 2*u - 6. Determine v(y).
6
Let a = -4 + 5. Suppose t + a = 2. Let f(p) = -17*p + 20. Let y(m) = -25*m + 32. Let u(d) = 8*f(d) - 5*y(d). Determine u(t).
-11
Let k(j) = -6*j**2 - 11*j + 74. Let x(o) = -5*o**2 - 11*o + 67. Let z(f) = 8*k(f) - 9*x(f). Determine z(4).
-15
Let k be (-1)/(10 + (-1053)/104). Let r(t) = -t - 9. Calculate r(k).
-17
Let g(m) = -43*m + 1458. Let f be g(34). Let q(c) = -c**2 + 5*c + 12. Give q(f).
-24
Let p(d) = -d**3 + d**2 + 1. Suppose -3 = -o - 2*o, 3*b = 5*o - 5. Let f be p(b). Let r(w) = -2*w**3 + 2*w - 1. Give r(f).
-1
Let l(z) = -3*z**3 + z**2 + 5*z - 1. Let r = 2375 - 2373. Calculate l(r).
-11
Let k(q) = q**3 + 23*q**2 + 22*q - 6. Let f = 7227 + -7249. What is k(f)?
-6
Let d(p) be the second derivative of p**4/6 + p**3/6 + 5*p**2/2 - 47*p - 2. Let u(y) = -3*y**2 - 10. Let g(i) = 5*d(i) + 3*u(i). What is g(-6)?
1
Let n = 167 + -132. Let i(a) = -15 + a + n - 18. Let j = 10 + -17. What is i(j)?
-5
Let b(q) = -q**3 + 104*q**2 - 101*q - 192. Let j be b(103). Let c(p) = -2*p**2 + 20*p + 3. Give c(j).
-109
Let p(u) = 216005*u**2 + 216004*u**2 - 9*u - 432008*u**2 + 7. What is p(-7)?
119
Let o(c) be the third derivative of -c**5/60 - 17*c**4/12 + 109*c**3/6 - 237*c**2 - 3*c. Give o(-37).
-2
Let o(l) = -l**2 - 4*l - 8. Suppose -8*y - 8*y + 208 = 0. Let k = -21 + y. Let h be -11 + (k/4 - -7). What is o(h)?
-20
Let o(b) = b**3 - 8*b**2 + 6*b + 7. Let z = -318 - -326. Suppose 0 = -3*a, q - 5*a = -1 + z. Calculate o(q).
0
Let i(h) = -88*h**3 - 2*h**2 - 18*h + 16. Let p(j) = 106*j**3 + 4*j**2 + 17*j - 17. Let r(n) = 6*i(n) + 5*p(n). Determine r(-6).
5
Let z(l) be the first derivative of l**4/4 + l**3 - 5*l**2/2 - 4*l - 1. Suppose -n + 684 = -4*a, 0 = -7*a + 2*a + 3*n - 848. Let o = a + 169. What is z(o)?
11
Let m(s) = -3*s**2 - 2. Let l = -72 - -83. Suppose 26 - 4 = -l*f. Calculate m(f).
-14
Let n be (-5)/(2*-5)*48. Let h = n + -21. Suppose 2*m = 5*o - 6, -15 + h = -3*o - 3*m. Let a(i) = -i**3 + 4*i**2 + i. Determine a(o).
10
Let f be 1853/(-327)*(-12)/34. Let x(i) = 6*i**2 - 3*i + 10. Determine x(f).
28
Let w(j) = j - 3. Suppose 0 = -2*l - 2*p + 24, -12 = 5*p - 2. Suppose -x - 17 = -4*k, k - l = -0*k - 3*x. Determine w(k).
2
Let b = -3021 - -3019. Let a(n) be the first derivative of -n**2/2 - 6*n + 1. Let s(q) = 7. Let f(z) = -5*a(z) - 4*s(z). Determine f(b).
-8
Suppose a = r - 7 - 0, 4*a + 20 = 2*r. Let b(d) = -3*d - 2 - r*d - 6*d + 11*d. Let l(y) = y**2 + 5*y + 4. Let h(k) = -5*b(k) - 2*l(k). Ca